*a + 3651. Calculate the highest common divisor of o and 1767.
93
Let b(a) = 12*a**2 - a - 20. Let s be b(6). Calculate the greatest common divisor of s and 1392.
58
Suppose 194 = 3*o - 1. Let k be 8/(-1)*66*(-533)/1968. Calculate the greatest common factor of o and k.
13
Let w = 6428 - 4556. Calculate the highest common factor of 108 and w.
36
Suppose -2*j + 183 = 43. Suppose 2773 + 1276 = 172*i - 3175. What is the greatest common factor of j and i?
14
Let l(r) = 22*r**2 - 102*r - 63. Let n be l(6). Suppose 0*z - z = -2*y + 78, 5*y = -z + 195. Calculate the greatest common factor of n and y.
39
Let q(p) = -p**3 - p**2 + 6*p - 16. Let l be q(-4). Let k be (40 - (4 - l)) + 3 + -4. Calculate the greatest common divisor of 1 and k.
1
Let n = 42 + 24. Let u be 636 + 12/186 + 562/(-62). Calculate the highest common divisor of n and u.
33
Let a = -50 - -57. Let r(t) = -t**3 + 6*t**2 - t - 7. Let s be r(4). Suppose -a - s = -2*h. Calculate the greatest common factor of 98 and h.
14
Suppose 1169 - 1144 = 5*o. Suppose o*p - 2241 = -10*a + 11*a, 1346 = 3*p - 2*a. Calculate the greatest common divisor of p and 14.
14
Let b(a) = -4*a**3 - 41*a**2 - 14*a - 28. Let r be b(-10). What is the greatest common factor of 37956 and r?
12
Let q(t) = 20*t**2 + 56*t + 300. Let d be q(-15). Calculate the greatest common factor of d and 30.
30
Let w = -12511 + 17863. Calculate the greatest common divisor of w and 24.
24
Suppose 5*v - 2*m = 6822, -10*v = -15*v - m + 6834. Suppose 0 = -16*b + 1354 + v. Calculate the greatest common factor of b and 20.
10
Suppose 5*o + 4*f = 2600, 5*o - 67*f = -66*f + 2575. Calculate the highest common divisor of o and 3268.
172
Let j be 22/10 - (-4)/(-20). Let y be (-3 + 2445/10)*j/3. Suppose -3*d + 40 + 29 = 0. Calculate the greatest common factor of y and d.
23
Suppose -23*c = -19*c + 6*c - 300. What is the highest common factor of 474 and c?
6
Suppose -8*j + 232 = -80. Let l = j + -12. Let w be (-1)/(3/9)*-1. What is the greatest common divisor of w and l?
3
Suppose 17*f + 796 = 15790. Calculate the highest common divisor of 162 and f.
18
Let v be 26/(-104) + 2/8. Let u(y) = -y + 65. Let m be u(v). Calculate the greatest common factor of 26 and m.
13
Let b = -258 + 263. Suppose -2*d = -2*n - 14 + 2, -b*d - 2*n = -44. What is the greatest common factor of 8 and d?
8
Let k be -4 + (4 - 3) + 78. Let s = k + -40. Suppose 9*f = 4*f + 35. What is the highest common factor of f and s?
7
Let t(m) = -9*m**3 + m**2 - m + 29. Let x be t(-4). Calculate the greatest common factor of 1125 and x.
125
Let r(o) = -11*o + 9. Let h be r(0). Let d be -1*(8/12 + (-708)/h). Calculate the highest common divisor of d and 12.
6
Suppose 3*t + 4*k - 61 = 0, 0 = -0*k + k + 5. Suppose 61 = 3*r - f - t, -r - 4*f + 25 = 0. Let p = 56 + r. Calculate the highest common factor of p and 17.
17
Let z = -216 - -225. Suppose -w - z*w + 100 = 0. Calculate the greatest common factor of 50 and w.
10
Let f = 24 - 20. Suppose 7 = c - 5*u - 4, 0 = 4*c - u - 25. Let r be (0 - (c + -3)) + (27 - f). Calculate the highest common divisor of r and 30.
10
Let m = -3917 - -8342. Calculate the highest common factor of 150 and m.
75
Let v = -148 + 155. Let w be (-1 - (-4)/3)*63/v. What is the highest common divisor of 12 and w?
3
Let c(h) = 32*h**2 + 90*h + 262. Let n be c(-4). What is the highest common divisor of n and 1296?
18
Let w(f) = -44*f**3 + f**2 + f. Let i be w(-1). Let d be 324/(-45)*10/(-3). Suppose d = 4*b + 2*b. What is the highest common divisor of b and i?
4
Suppose -3*j + 2*a = -0*j - 610, -j + 3*a = -215. Suppose 582*x - 57900 = 196*x. Calculate the highest common factor of x and j.
50
Suppose 108*j + 6105 = 123*j. Let l = j - 286. What is the highest common divisor of l and 33?
11
Suppose 3*c = -5*k + 23302, 4*k = -1099*c + 1100*c + 18628. Calculate the highest common factor of k and 136.
34
Let t be 3/(-15) - (-4 + (-812)/10 + -1). What is the greatest common divisor of 3569 and t?
43
Let u = 12 - -7. Let x = -1055 + 1057. Suppose f - 5 = c, 3*f - 2*c - u = x*c. Calculate the greatest common factor of f and 17.
1
Let f = -1807 - -1827. Let k = 298 + -48. Suppose 6*p - p = k. What is the highest common factor of p and f?
10
Suppose 54*u - 1044 = -33*u. What is the highest common divisor of 636 and u?
12
Let c be (-2)/5 - 752/(-5). Suppose 4*o - 2319 = -f - 2195, -o + 316 = 5*f. Calculate the highest common divisor of c and f.
30
Suppose 5 = -5*k, 18 = 3*r + 42*k - 45*k. Suppose 3*s - 2 = 2*s. Suppose s*n - r*n + 6 = 0. Calculate the highest common factor of n and 22.
2
Suppose -515 = -9*q - 29. Suppose y - 3*y + 3*s = -225, y + 4*s - 96 = 0. Suppose -l - y = -4*l. What is the highest common factor of q and l?
18
Let s(m) = 640*m + 886. Let v be s(3). What is the highest common divisor of 138 and v?
46
Let m = 35 - 19. Suppose -158 = -2*h + 7*a - 9*a, 4*a + m = 0. Calculate the greatest common divisor of h and 1.
1
Let q be (3 - (-3 - 33/(-9)))/(88/90288). Calculate the greatest common divisor of 252 and q.
126
Let z(c) = -2*c**2 + 35*c - 61. Let d be z(15). Let u be (952/(-6))/2*-3. What is the greatest common factor of d and u?
14
Let k be 5/8 + (-463230)/(-720). Calculate the greatest common divisor of k and 4.
4
Let n = 7242 - 6985. Calculate the greatest common factor of n and 18504.
257
Suppose -20*w + 67 = -1233. What is the greatest common divisor of 2 and w?
1
Let f be ((-39)/6 - -3)/(23/46) - -35. Calculate the greatest common divisor of f and 13034.
14
Let g(k) = -99*k - 2. Let o be g(-1). Let j = 202 - o. Calculate the highest common factor of j and 15.
15
Suppose 3*q - 209 = -5*v, 4*v - 6*v - q = -84. Let l(b) = 137*b**2 + 4*b + 3. Let i be l(2). What is the greatest common divisor of v and i?
43
Suppose 0*b - 5*b = -400. Let t = 85 - b. Suppose 0 = -4*f - 5*r + 420, 3*f = t*r + 322 - 42. What is the highest common divisor of 40 and f?
20
Suppose 0 = s - 2 + 6, -14*l - 2*s = -14748. Let k(m) = m**2 - 3*m - 20. Let f be k(9). Calculate the greatest common divisor of l and f.
34
Let c = -19 - -6. Let y = c + 61. Suppose -4*g + 0*g + y = -2*w, -2*g = 5*w. Calculate the greatest common factor of 50 and g.
10
Let a = -7581 - -9843. What is the highest common factor of a and 12?
6
Let h = 136 - 64. Let p be 2/8*(-50500)/(-25). Let t = -496 + p. Calculate the highest common factor of h and t.
9
Let x = 58 + -58. Suppose x = -4*p - 3*v + 639, -4*p + 654 = 5*v - 7*v. What is the highest common divisor of p and 36?
18
Suppose -3*b = 4*n - 196, 7*n + 315 = 5*b + 2*n. Let w = 11 + -31. Let v = b + w. What is the highest common factor of v and 4?
4
Suppose -5*i - 33 = -13, -3*i - 88 = -4*f. Let q = 46 - f. Let w = 46970 + -46808. What is the greatest common divisor of w and q?
27
Let n(b) = -53*b + 721. Let v be n(7). What is the highest common divisor of v and 1120?
70
Let y(v) = -76*v + 15. Let k be y(-3). What is the greatest common factor of k and 279?
9
Suppose -3*l + 4*k = -6326, 0 = 2*l + 5*k - 3*k - 4236. Calculate the highest common divisor of 14 and l.
14
Suppose p = 3, -6*k = -7*k - p + 69. Suppose 15*n - 12*n - 693 = 0. What is the highest common factor of n and k?
33
Suppose 7*o - 63 = 14. Suppose 5*u + 2964 = o*u. What is the highest common factor of 38 and u?
38
Let m(d) = 34*d + 308. Let x be m(-8). Calculate the greatest common divisor of 180 and x.
36
Let b(l) = l**2 - 4*l - 1. Let a be b(-1). Let n = -6385 - -6410. Calculate the highest common factor of n and a.
1
Let k(a) = -45*a + 141. Let u(q) = 11*q - 35. Let r(v) = 2*k(v) + 9*u(v). Let j = 329 + -324. Let b be r(j). What is the highest common factor of 48 and b?
12
Let b(n) = 4*n - 81. Let m be b(21). Suppose t = -t - 3*w + 1653, 4*t = -m*w + 3303. Calculate the greatest common divisor of 33 and t.
33
Suppose -56*t - 74 = -57*t. Suppose t*l - 582 = 76*l. Let m = l + 426. What is the greatest common factor of m and 15?
15
Let b be 10*((-13)/(-5) + 6/15). Suppose 154 = -16*u + b*u. What is the highest common factor of u and 55?
11
Suppose 3*p - 1821 = -5*k, 5*k + 751 = 3*p - 1100. What is the highest common divisor of p and 396?
36
Let p be (-8)/6*(-31209)/412. What is the highest common factor of 5 and p?
1
Let a = 6013 + -3574. Calculate the highest common factor of 9 and a.
9
Let m be (-14